 i(0).
7
Let p(x) = -38*x + 4. Give p(-1).
42
Let y(x) = -x**2 + 7*x + 3. Calculate y(7).
3
Let v(i) = -14*i + 36. Calculate v(1).
22
Let k(p) = -6*p - 21. Calculate k(-4).
3
Let h(d) = -d**3 - d**2 - 3*d + 38. Give h(0).
38
Let t(w) = -43*w - 126. Calculate t(-3).
3
Let m(p) = p**2 + 13*p + 34. What is m(-11)?
12
Let z(h) = -2*h**2 - 11*h + 7. Calculate z(-6).
1
Let l(w) = -w**3 + 12*w**2 + 14*w - 10. Calculate l(13).
3
Let d(n) = n**3 + 4*n**2 - 6. Determine d(-5).
-31
Let x(a) = -a**3 - a**2 - 5*a - 3. What is x(-3)?
30
Let q(y) = -14*y**2 + 98*y + 4. Calculate q(7).
4
Let c(b) = 2*b**3 + 15*b**2 - b + 44. Give c(-8).
-12
Let f(m) = -m**3 - 4*m**2 + 16*m + 21. Give f(-6).
-3
Let o(x) = x**3 - 20*x**2 - 20*x - 31. Calculate o(21).
-10
Let d(a) = -a**2 + 12*a - 9. Determine d(10).
11
Let x(y) = 6*y - 18. Determine x(11).
48
Let b(p) = 2*p**2 - 9*p + 11. What is b(6)?
29
Let q(a) = -a**3 - 3*a**2 + a + 1. Give q(0).
1
Let a(h) = h**2 - 2*h + 5. Determine a(3).
8
Let t(h) = 2*h**3 - 23*h**2 - 24*h + 147. Determine t(12).
3
Let g(h) = -h**2 + 54*h - 374. Determine g(46).
-6
Let o(u) = 5*u**2 + 14*u - 3. Determine o(-3).
0
Let t(w) = -2*w**2 - 9*w + 40. Calculate t(-7).
5
Let k(r) = r**3 - 10*r**2 - r + 14. What is k(10)?
4
Let l(k) = -2*k**3 - 14*k**2 + 5*k + 18. Give l(-6).
-84
Let x(g) = -g**3 + 4*g. What is x(3)?
-15
Let z(g) = -g**2 + 15*g - 38. Give z(5).
12
Let n(x) = -2*x**2 + 6*x + 1. Give n(3).
1
Let q(f) = -2*f - 13. Determine q(-3).
-7
Let i(p) = 12*p - 34. Give i(3).
2
Let i(r) = r**2 - 7*r - 11. Determine i(9).
7
Let s(a) = 7*a + 3. Give s(-3).
-18
Let d(h) = -h**2 - h + 19. Give d(4).
-1
Let w(q) = -q**3 + 6*q**2 - 2*q - 5. Calculate w(3).
16
Let k(w) = 8*w - 10. Give k(-5).
-50
Let l(k) = k**3 - 6*k**2 - 5*k - 8. What is l(7)?
6
Let q(l) = -59*l**3 + 3*l**2 - 2*l + 1. Calculate q(1).
-57
Let g(y) = -y**2 + 15*y + 21. What is g(9)?
75
Let i(t) = -t**3 + 15*t**2 - 2*t + 9. Calculate i(15).
-21
Let a(q) = -q**2 + 9*q + 81. Determine a(14).
11
Let d(g) = -18*g - 2. Give d(2).
-38
Let j(q) = -q**3 + 9*q**2 - 7*q - 6. What is j(8)?
2
Let w(a) = 2*a**2 - 22*a - 2. Calculate w(7).
-58
Let v(y) = y**2 + 7*y + 12. Calculate v(-6).
6
Let o(y) = y**3 + 7*y**2 + 5*y - 14. Calculate o(-6).
-8
Let a(l) = -25*l**3 - 2*l**2 + 2*l - 1. Calculate a(1).
-26
Let j(q) = -4*q + 9. Give j(7).
-19
Let n(z) = -3*z**2 - 2*z + 2. Determine n(1).
-3
Let o(d) = -2*d - 17. Determine o(-8).
-1
Let x(o) = -o**3 + 8*o**2 + 12*o - 11. Give x(9).
16
Let a(i) = -i - 19. What is a(-10)?
-9
Let a(w) = -w**2 + w - 2. What is a(-2)?
-8
Let j(c) = -c**3 - 3*c**2 + 19*c + 43. Give j(-5).
-2
Let l(o) = o**3 - 14*o**2 + 27*o - 36. Determine l(12).
0
Let l(m) = -2*m**2 - 18*m - 30. What is l(-6)?
6
Let z(w) = 8*w**2 - w. What is z(-2)?
34
Let o(z) = -z**3 + 7*z**2 + 4*z - 20. Determine o(7).
8
Let f(p) = p**3 - 3*p**2 + 1. Determine f(3).
1
Let o(z) = 57*z**3 - 2*z**2 + 3*z + 3. Give o(-1).
-59
Let c(o) = -o**2 - 9*o - 9. Determine c(-6).
9
Let m(c) = -12*c**2 + 5*c - 18. Calculate m(3).
-111
Let t(w) = 9*w - 139. Calculate t(14).
-13
Let i(s) = -40*s + 307. What is i(7)?
27
Let v(t) = t**2 + t + 16. Give v(-4).
28
Let v(a) = -a**3 - 5*a**2 + 2*a + 8. Determine v(-5).
-2
Let v(z) = -z**2 + 16*z - 37. Calculate v(15).
-22
Let b(w) = -3*w**2 + 13*w - 9. What is b(6)?
-39
Let z(w) = -w**2 + 8*w + 7. Give z(8).
7
Let s(v) = 10*v + 10. Give s(-1).
0
Let j(l) = -l**3 + 21*l**2 - 19*l - 15. Give j(20).
5
Let r(q) = -2*q - 46. Calculate r(0).
-46
Let j(i) = i - 16. Give j(13).
-3
Let a(s) = s**2 - 13. Calculate a(5).
12
Let h(k) = 47*k**2 - 2*k + 1. Give h(1).
46
Let a(n) = -3*n**2 - n - 2. What is a(-3)?
-26
Let i(a) = -a**3 + 10*a**2 - 8*a + 8. Determine i(9).
17
Let f(s) = s**2 - s - 19. Determine f(6).
11
Let w(q) = 3*q**3 + 3*q**2 + 2*q + 1. Calculate w(3).
115
Let d(z) = z**2 - 2*z - 3. Determine d(-3).
12
Let m(u) = -29*u + 352. Determine m(12).
4
Let q(m) = -m**3 - 2*m**2 + 5*m - 4. Determine q(-4).
8
Let p(c) = -c**2 + 27*c - 38. What is p(26)?
-12
Let b(q) = -11*q + 4. What is b(-3)?
37
Let m(a) = a**3 + 3*a**2 - 5*a - 2. Calculate m(-4).
2
Let g(c) = -2*c**2 + 13*c - 6. What is g(9)?
-51
Let t(g) = -g**2 + g - 2. Give t(4).
-14
Let i(u) = -u**2 + u + 26. Determine i(-9).
-64
Let m(u) = 18*u + 16. Determine m(4).
88
Let i(z) = 5*z + 71. Calculate i(-13).
6
Let d(g) = g**3 - 6*g**2 + 4*g + 3. Give d(4).
-13
Let n(m) = -23*m - 54. Give n(-3).
15
Let s(h) = -h**3 + 17*h + 6. Determine s(-4).
2
Let d(t) = -t**2 + 5*t - 6. What is d(2)?
0
Let a(k) = 2*k + 12. Calculate a(-5).
2
Let o(l) = -8*l + 26. Calculate o(-9).
98
Let j(p) = p**2 + 11*p - 36. Give j(-13).
-10
Let y(g) = -5*g - 2. Determine y(2).
-12
Let s(x) = -x**3 + 11*x**2 - 18*x - 9. Give s(9).
-9
Let y(u) = u**3 + 12*u**2 - 13*u + 7. Give y(-13).
7
Let l(t) = t**3 + 3*t**2 - 3*t - 4. Determine l(-3).
5
Let z(i) = 3*i + 90. What is z(-27)?
9
Let t(q) = 30*q**2 + 7*q + 9. What is t(-1)?
32
Let w(z) = z**3 + 9*z**2 + z + 10. Give w(-9).
1
Let g(t) = -7*t - 1. Determine g(-2).
13
Let x(w) = w**3 + 11*w**2 + 15*w + 15. What is x(-9)?
42
Let x(h) = 9*h - 57. What is x(6)?
-3
Let p(t) = t**2 - 6*t - 3. What is p(5)?
-8
Let w(m) = m**3 - m**2 - 9*m + 11. Give w(3).
2
Let y(i) = -i**2 - 4*i + 10. Give y(-5).
5
Let u(j) = -3*j - 21. Give u(-9).
6
Let x(u) = -3*u**2 - 6*u - 3. Determine x(-2).
-3
Let t(j) = -3*j + 7. Calculate t(4).
-5
Let a(c) = -7*c - 180. Give a(-26).
2
Let b(o) = o**3 + o**2 - 3*o - 7. Calculate b(-5).
-92
Let l(f) = -f**3 - 12*f**2 - 2*f + 2. Calculate l(-12).
26
Let o(m) = -29*m**2 + 11*m + 2. Give o(2).
-92
Let x(r) = -6*r + 72. Calculate x(17).
-30
Let z(l) = -13*l + 6. Calculate z(4).
-46
Let l(c) = c**3 + 7*c**2 - 8*c - 58. Calculate l(-7).
-2
Let m(o) = -o**2 + 25*o - 15. Give m(17).
121
Let m(n) = -n**3 + 3*n**2 - n - 7. Calculate m(3).
-10
Let a(b) = -b**2 - 20*b - 11. Determine a(-15).
64
Let y(o) = -o + 5. Calculate y(7).
-2
Let z(w) = -30*w - 5. Give z(-1).
25
Let l(y) = -y**3 + 30*y**2 + 29*y + 68. Determine l(31).
6
Let r(s) = -s**2 + 7. Give r(-2).
3
Let p(s) = -s**3 + 7*s**2 - 9*s + 3. Give p(7).
-60
Let a(y) = -104*y - 425. What is a(-4)?
-9
Let q(d) = -d**3 + 2*d + 3. Give q(-2).
7
Let s(i) = i**3 + 4*i**2 - 14*i - 38. Calculate s(-5).
7
Let y(k) = 9*k + 21. Give y(-6).
-33
Let r(i) = i**3 + 17*i**2 + 15*i. What is r(-16)?
16
Let j(r) = -3*r + 40. Determine j(13).
1
Let f(c) = c**3 - 6*c**2 - 18*c + 2. What is f(8)?
-14
Let l(a) = 13*a + 215. Determine l(-16).
7
Let z(f) = -f - 1. Give z(-1).
0
Let p(m) = -6*m**2 - 21*m - 5. Determine p(-4).
-17
Let m(t) = -10*t + 347. What is m(34)?
7
Let k(v) = -2*v**3 - 5*v**2 - v - 5. Determine k(-3).
7
Let s(y) = 27*y + 410. Calculate s(-15).
5
Let w(m) = m + 2. Calculate w(13).
15
Let h(a) = a**3 - 7*a**2 + 12*a + 12. Determine h(6).
48
Let c(d) = -2*d**3 - 9*d**2 + 6*d + 4. Calculate c(-6).
76
Let l(a) = -a**3 + 18*a**2 + a - 8. Give l(18).
10
Let t(c) = 5*c + 4. Determine t(-5).
-21
Let s(d) = -d + 3. Determine s(-2).
5
Let i(c) = -2*c**2. Calculate i(5).
-50
Let z(v) = -3*v - 69. What is z(-23)?
0
Let c(a) = 7*a - 22. What is c(5)?
13
Let i(n) = -n**3 - 3*n**2 - n - 2. Determine i(-2).
-4
Let z(l) = l**3 + l**2 - l. Give z(1).
1
Let r(s) = -6*s - 38. Determine r(-5).
-8
Let p(o) = 6*o - 11. Determine p(-7).
-53
Let q(b) = -b**2 + 15*b - 9. Give q(13).
17
Let k(n) = 4*n**3 + 17*n**2 + 7*n + 12. What is k(-4)?
0
Let d(y) = -y**2 - y + 45. Determine d(0).
45
Let a(s) = -48*s - 5. Calculate a(0).
-5
Let m(s) = -s**3 + 15*s**2 - 15*s - 2. Calculate m(14).
-16
Let i(q) = q + 22. Determine i(-6).
16
Let g(n) = -n + 31. Calculate g(-14).
45
Let j(h) = 7*h**2 - 10*h - 4. Give j(5).
121
Let j(a) = a**3 + 3*a**2 - a - 4. What is j(-2)?
2
Let c(z) = -z**3 - 5*z**2 + 19*z + 36. Give c(-7).
1
Let w(m) = -16*m + 135. Give w(8).
7
Let v(i) = -i**3 + 7*i**2 - 46*i + 319. What is v(7)?
-3
Let d(m) = m**2 + 13*m + 31. Give d(-9).
-5
Let a(q) = -q**3 - 9*q**2 - 88*q - 974. Give a(-10).
6
Let s(b) = 11*b + 19. What is s(0)?
19
Let x(y) = -y**2 - 6*y + 2. Determine x(-7).
-5
Let i(u) = u**3 + 5*u**2 + u. Calculate i(-2).
10
Let v(p) = -p**3 - 11*p**2 + 9*p - 13. Determine v(-12).
23
Let q(n) = 6*n**2 - 13*n + 5. What is q(5)?
90
Let d(r) = -r**3 - 10*r**2 - 17*r + 2